et h = 5 + m. Calculate the highest common divisor of 10 and h.
10
Let o(d) = 3*d**2 + 6*d. Suppose 4*k - 16 = -36. Let r be o(k). What is the highest common factor of r and 18?
9
Let q(z) = -26*z - 24. Let s be q(-4). What is the greatest common divisor of s and 10?
10
Let y(p) = -p**3 - 8*p**2 - 3*p + 4. Suppose -15 - 6 = 3*l. Let n be y(l). Let g = -8 - n. Calculate the highest common factor of 4 and g.
4
Let o = -249 + 89. Let j be (-1)/(-3) - (-3 - o/(-15)). What is the highest common divisor of 98 and j?
14
Let i(u) = -2*u**2 - 3*u - 9*u - 4 + u**2. Let k be i(-11). Suppose -k*n - 17 = -8*n. Calculate the highest common factor of n and 17.
17
Let z = 65 + 4. Let k = 87 + -41. What is the highest common divisor of k and z?
23
Suppose 16*p = 21*p - 295. Let q = 63 - p. Calculate the greatest common divisor of 2 and q.
2
Let c be 0*1/(-2) + 25. Let n be (-918)/15 - (-20)/(-25). Let f = n - -72. Calculate the highest common divisor of c and f.
5
Suppose -113 = -4*k - 3*q + 12, -4*k + 130 = 2*q. What is the greatest common divisor of k and 140?
35
Let r be 62*2*1 - 1. Suppose 27*j = 151 + 956. What is the greatest common divisor of r and j?
41
Let u = 24 - 16. Let p = 1464 - 1462. Calculate the greatest common factor of p and u.
2
Suppose -3*b - 2*c + 813 = 2*b, -5*b + 2*c = -797. Suppose 13*h + 51 = -92. Let q be (9 - h) + -1*3/(-1). Calculate the highest common divisor of b and q.
23
Let k be 2 - 0 - (-21 + -5). Let n(y) = -3*y + 4. Let x = -7 - 1. Let u be n(x). What is the greatest common factor of k and u?
28
Let h = -407 + 411. Let y be (12/10)/(27/180). What is the highest common divisor of h and y?
4
Let i(c) = -3*c**2 - 2*c - 4. Let p be i(0). Let j(o) = -2*o + o - 3*o - 4. Let s be j(p). What is the greatest common factor of 108 and s?
12
Suppose -25 = k - x - 144, 0 = -3*k - 2*x + 367. What is the greatest common factor of k and 77?
11
Let y(a) = a**3 - 27*a**2 + 32*a - 76. Let s be y(26). Calculate the greatest common divisor of s and 544.
16
Suppose -25*x - 2215 = -5515. What is the greatest common divisor of x and 33?
33
Let t(j) = -81*j + 68. Let w be t(0). Calculate the greatest common divisor of 476 and w.
68
Let b be ((-2)/4)/((-3)/12). Let i = b + -11. Let u(c) = c**2 - c + 2. Let r be u(i). What is the highest common divisor of r and 23?
23
Let o(x) = 4*x - 20. Let b be o(12). Let q be ((-5)/2 + 4)*b. What is the greatest common factor of 6 and q?
6
Suppose 3*j - 88 = -4*r, -8*r + 110 = -3*r - 4*j. Calculate the highest common divisor of 2266 and r.
22
Suppose 0 = 2*m - 4*u - 1980, 176*u - 181*u = -2*m + 1982. Calculate the highest common factor of 34 and m.
34
Suppose 0 = -0*x + 6*x - 102. Suppose -12*q = -11*q - 5*p + 9, 7 = -q + 4*p. Calculate the greatest common divisor of q and x.
1
Suppose 2*h + 3*h - 600 = 0. Let y be (24/(-18))/((-2)/h). Let c(b) = -13*b - 55. Let k be c(-5). What is the greatest common factor of y and k?
10
Let g = -281 - -301. Calculate the greatest common divisor of 60 and g.
20
Let b(l) = -2*l + 4. Let p be b(1). Suppose -46 + 10 = -p*u. What is the highest common factor of 198 and u?
18
Suppose 527 = 5*d + 4*s - 193, 0 = d - 2*s - 144. What is the greatest common factor of 108 and d?
36
Suppose r - 1 = 3*j, j = -r - 2*r + 13. Let q = r - 2. Suppose 2*m - 2*l - 178 = -44, 256 = 4*m + q*l. What is the greatest common divisor of 26 and m?
13
Suppose 0 = y - 0 - 2. Let c be (-44)/(y - (-13)/(-6)). Suppose 3*k = -3*m + 192 - 87, -167 = -5*k - m. What is the highest common factor of k and c?
33
Suppose -4*t - 5*u + 12226 = 0, t - 283*u + 278*u = 3069. What is the highest common divisor of 161 and t?
161
Suppose 4*i = 4*c - 6*c + 1068, -3 = -i. Calculate the greatest common factor of 22 and c.
22
Let z be (-4)/(-9 - (-5368)/600). What is the highest common divisor of z and 325?
25
Let o = 19 - 15. Suppose 0*j - 88 = -o*j. Calculate the highest common factor of j and 99.
11
Suppose 6*n + 16*n - 462 = 0. Calculate the greatest common divisor of 21 and n.
21
Let x = -49 - -54. Suppose -2*r = x*t - 9, r = -5*t - 3 + 15. What is the highest common factor of 2 and t?
1
Let m(p) = p + 9. Let q be m(-4). Let k be 16*(4 + (-7 - -2)). Let c = k + 21. Calculate the highest common factor of c and q.
5
Let g(u) = u**3 + 20*u**2 + 76*u. Let i be g(-7). What is the highest common divisor of 645 and i?
15
Let p be (0 - -2) + -1 - -44. Let r be (p/2)/((-4)/(-24)). Let u be (-1 - (-4 + 4))/((-1)/15). Calculate the greatest common divisor of r and u.
15
Let z = 27 + -9. Suppose -4*p = -2*p - 6, -a = 3*p - 3. Let t be (a - -6) + -1 + 199. What is the greatest common divisor of t and z?
18
Let f be 297 + 0*(-6)/(-42). What is the highest common divisor of f and 81?
27
Let o be (-2)/(5*1/5). Let r(w) = 33*w**2 - 2*w - 10. Let l be r(o). Calculate the highest common factor of l and 36.
18
Suppose 0 = -42*c + 34*c + 416. What is the highest common divisor of 182 and c?
26
Let t(z) = 3*z + 166. Let b(y) = y + 82. Let a(p) = -5*b(p) + 3*t(p). Let c be a(31). Calculate the greatest common factor of c and 53.
53
Suppose -19965 = -12*k + 3363. What is the highest common factor of 72 and k?
72
Let z(f) = f + 21. Let d be z(-2). What is the highest common divisor of 475 and d?
19
Let n(i) = 2*i - 103*i**2 + 18 + 27 + 102*i**2. Let s be n(0). Let p = 10 - 5. What is the greatest common divisor of s and p?
5
Let d(z) = -z - 9. Let a(n) = -n - 19. Let f(c) = -3*a(c) + 7*d(c). Let m be f(-10). Let b = -22 + m. What is the greatest common factor of b and 60?
12
Suppose -4*w + 5*d = -694, 4*w - 5*d = -2*d + 698. Suppose i - w = -3*i. Let y(b) = b + 15. Let p be y(-11). Calculate the greatest common divisor of p and i.
4
Suppose -5*q + 13387 = -4*x, x - 5*q + 1817 = -1526. Let z be (-2)/(-8) - x/48. What is the highest common divisor of z and 14?
14
Let o be (-4778)/(-22) - 18/99. Suppose 2*p - 3*q = 41, -2*q = 5*p + 67 - o. Suppose -2 = 2*g - p. What is the greatest common factor of 130 and g?
13
Suppose 10*f = -77 + 457. What is the highest common divisor of 437 and f?
19
Suppose -3*z - o = z - 382, 5*o = -10. Let m = -30 + 32. Let v be (6 - 13 - -31)*m/4. Calculate the greatest common divisor of v and z.
12
Suppose -123 = -62*v + 1. Calculate the highest common factor of 140 and v.
2
Let q(w) = 618*w + 20. Let o be q(1). What is the highest common divisor of o and 58?
58
Let y = 61 - 63. Let c(d) = -12*d**3 - 3*d**2 - 3*d. Let k be c(y). What is the highest common factor of 60 and k?
30
Let i = 208 + -136. Suppose -3*c - 3*x = -39, 0 = -2*c + x + x + 10. What is the highest common divisor of i and c?
9
Let y be 80/(-45) + 2 + 12368/72. Calculate the highest common divisor of y and 4.
4
Suppose 2*d - 4*f = 26 - 8, 5*f = -5*d. Let g be 10 + -8 - (0 - -2). Suppose -d*y + g*y = -42. Calculate the greatest common divisor of 42 and y.
14
Let y(u) = 3*u**2 - 4*u + 2. Let a be y(4). Suppose 69 + 713 = 23*c. What is the greatest common divisor of a and c?
34
Suppose -5*n - 2*m + 98 = -67, 3*n + 2*m = 99. What is the highest common factor of n and 55?
11
Suppose 4*x = 3*d - 583, -63*d + 58*d = 4*x - 929. Calculate the greatest common factor of d and 9.
9
Let x = -1080 + 1087. Calculate the highest common factor of 427 and x.
7
Let g = -128 - -131. Let m = -59 - -83. Suppose -g*i + m = i. What is the highest common factor of 9 and i?
3
Let s = 4 - -5. Let j(o) = -o**2 + 3*o + 1. Let q(g) = -g + 1. Let r be q(-2). Let w be j(r). What is the highest common divisor of w and s?
1
Let r be ((-8)/(-20) + 392/40)*30. What is the greatest common divisor of 126 and r?
18
Suppose -1963 - 2797 = -17*n. Calculate the highest common divisor of n and 14.
14
Let f = 362 - 341. What is the highest common divisor of 336 and f?
21
Let m(d) = -d**3 + 6*d**2 + 5*d + 5. Let j be m(7). Let l be 1 + j - (0 + -1). Let b = 9 + l. Calculate the greatest common divisor of 2 and b.
2
Let v be (3/(-4))/(6/(-16)). Suppose 22 = v*x - 22. What is the highest common factor of 55 and x?
11
Let a = 210 + -433. Let d = -119 - a. Calculate the greatest common factor of d and 260.
52
Suppose 109 = 4*a + 33. Let h be 553/28 - (-9)/(-12). Calculate the highest common factor of h and a.
19
Suppose -3*p - 3*q = 0, 3*p - 91*q + 8 = -96*q. Suppose 3*z - 24 = z. What is the highest co